{"id":634,"date":"2021-02-28T01:20:00","date_gmt":"2021-02-28T04:20:00","guid":{"rendered":"http:\/\/tce.pb.gov.br\/site-50-anos\/?page_id=634"},"modified":"2021-11-24T12:15:37","modified_gmt":"2021-11-24T15:15:37","slug":"editorial","status":"publish","type":"page","link":"https:\/\/tce.pb.gov.br\/site-50-anos\/editorial\/","title":{"rendered":"Editorial"},"content":{"rendered":"<div data-colibri-id=\"634-c1\" class=\"style-1803 style-local-634-c1 position-relative\">\n  <!---->\n  <div data-colibri-component=\"section\" data-colibri-id=\"634-c16\" id=\"about\" class=\"h-section h-section-global-spacing d-flex align-items-lg-center align-items-md-center align-items-center style-1833 style-local-634-c16 position-relative\">\n    <!---->\n    <!---->\n    <div class=\"h-section-grid-container h-section-boxed-container\">\n      <div data-colibri-id=\"634-c21\" class=\"h-row-container gutters-row-lg-2 gutters-row-md-2 gutters-row-2 gutters-row-v-lg-2 gutters-row-v-md-2 gutters-row-v-2 style-1838 style-local-634-c21 position-relative\">\n        <!---->\n        <div class=\"h-row justify-content-lg-center justify-content-md-center justify-content-center align-items-lg-stretch align-items-md-stretch align-items-stretch gutters-col-lg-2 gutters-col-md-2 gutters-col-2 gutters-col-v-lg-2 gutters-col-v-md-2 gutters-col-v-2\">\n          <!---->\n          <div class=\"h-column h-column-container d-flex h-col-lg-auto h-col-md-auto h-col-auto style-1839-outer style-local-634-c22-outer\">\n            <div data-colibri-id=\"634-c22\" class=\"d-flex h-flex-basis h-column__inner h-px-lg-2 h-px-md-2 h-px-2 v-inner-lg-2 v-inner-md-2 v-inner-2 style-1839 style-local-634-c22 position-relative\">\n              <!---->\n              <!---->\n              <div class=\"w-100 h-y-container h-column__content h-column__v-align flex-basis-100 align-self-lg-start align-self-md-start align-self-start\">\n                <!---->\n                <div data-colibri-id=\"634-c23\" class=\"h-global-transition-all h-heading style-1840 style-local-634-c23 position-relative h-element\">\n                  <!---->\n                  <div class=\"h-heading__outer style-1840 style-local-634-c23\">\n                    <!---->\n                    <!---->\n                    <h5 class=\"\">EDITORIAL<\/h5>\n                  <\/div>\n                <\/div>\n                <div data-colibri-id=\"634-c24\" class=\"h-global-transition-all h-heading style-1841 style-local-634-c24 position-relative h-element\">\n                  <!---->\n                  <div class=\"h-heading__outer style-1841 style-local-634-c24\">\n                    <!---->\n                    <!---->\n                    <h2 class=\"\">Tribunal de Contas do Estado da Para\u00edba, 50 anos de sucesso<\/h2>\n                  <\/div>\n                <\/div>\n                <div data-colibri-id=\"634-c25\" class=\"h-lead h-text h-text-component style-1842 style-local-634-c25 position-relative h-element\">\n                  <!---->\n                  <!---->\n                  <div class=\"\">\n                    <p>O Tribunal de Contas do Estado chega aos 50 anos. Criado em 17 de agosto de 1970 por decreto do ent\u00e3o governador Jo\u00e3o Agripino, instalou-se em 1\u00ba de mar\u00e7o de 1971. Completa, ent\u00e3o, meio s\u00e9culo de avan\u00e7os e conquistas que o inscrevem\n                      na vanguarda do sistema de controle externo brasileiro.<\/p>\n                    <p>Ano ap\u00f3s ano, foi conduzido a esta invej\u00e1vel posi\u00e7\u00e3o pelo esfor\u00e7o ininterrupto daqueles que no passado o compuseram e hoje o comp\u00f5em. \u00c9 fruto, assim, de um compromisso hist\u00f3rico, \u00fanico e inabal\u00e1vel dos seus membros e servidores com\n                      a Para\u00edba.<\/p>\n                    <p>O esfor\u00e7o conjunto, ao cabo de d\u00e9cadas, fez dele um Tribunal \u00e1gil e moderno. E o fez admirado, tamb\u00e9m, por a\u00e7\u00f5es pioneiras cujos modelos s\u00e3o buscados por cong\u00eaneres nacionais, a exemplo do nosso Sistema de Acompanhamento da Gest\u00e3o\n                      dos Recursos da Sociedade, o t\u00e3o conhecido Sagres.<\/p>\n                    <p>Os sucessivos cursos de aperfei\u00e7oamento de gestores p\u00fablicos e quadros t\u00e9cnicos internos e externos em parceria com Universidades, os sistemas destinados a ampliar o controle pelo cidad\u00e3o dos atos e gastos p\u00fablicos, os aplicativos\n                      a servi\u00e7o da economia popular e os programas em aten\u00e7\u00e3o ao bem estar social h\u00e1 muito estreitam sua rela\u00e7\u00e3o com os paraibanos.<\/p>\n                    <p>Esta \u00e9 uma Corte que se acostumou, com pulso firme, a ir al\u00e9m do apuro correto e preciso das contas p\u00fablicas e das decis\u00f5es necess\u00e1rias ao reparo dos desvios, raz\u00e3o primordial da sua exist\u00eancia.<\/p>\n                    <p>\u00c9, enfim, um Tribunal que, sem preced\u00eancia, tomou gosto pelos princ\u00edpios e normas da cidadania, raz\u00e3o pela qual se fez t\u00e3o pr\u00f3ximo dos anseios da Para\u00edba e sua gente.<\/p>\n                    <p>Este espa\u00e7o, no decorrer do ano, resgatar\u00e1 atos e fatos atinentes a essa trajet\u00f3ria de meio s\u00e9culo e animar\u00e1 a reflex\u00e3o acerca daquilo que o futuro nos reserva com seus avan\u00e7os tecnol\u00f3gicos e suas oportunidades, entre elas a do emprego\n                      sempre maior da Intelig\u00eancia Artificial nas a\u00e7\u00f5es do controle externo.<\/p>\n                    <p>Acompanhem-nos.<\/p>\n                  <\/div>\n                <\/div>\n              <\/div>\n            <\/div>\n          <\/div>\n        <\/div>\n      <\/div>\n      <div data-colibri-id=\"634-c17\" class=\"h-row-container gutters-row-lg-0 gutters-row-md-0 gutters-row-0 gutters-row-v-lg-0 gutters-row-v-md-0 gutters-row-v-0 style-1834 style-local-634-c17 h-overflow-hidden position-relative\">\n        <!---->\n        <div class=\"h-row justify-content-lg-center justify-content-md-center justify-content-center align-items-lg-end align-items-md-end align-items-end gutters-col-lg-0 gutters-col-md-0 gutters-col-0 gutters-col-v-lg-0 gutters-col-v-md-0 gutters-col-v-0\">\n          <!---->\n          <div class=\"h-column h-column-container d-flex h-col-lg-auto h-col-md-auto h-col-auto align-self-lg-end align-self-md-end align-self-end style-1836-outer style-local-634-c19-outer\">\n            <div data-colibri-id=\"634-c19\" class=\"d-flex h-flex-basis h-column__inner h-ui-empty-state-container h-px-lg-0 h-px-md-0 h-px-0 v-inner-lg-0 v-inner-md-0 v-inner-0 style-1836 style-local-634-c19 position-relative\">\n              <!---->\n              <!---->\n              <div class=\"w-100 h-y-container h-column__content h-column__v-align flex-basis-100\">\n                <!---->\n              <\/div>\n            <\/div>\n          <\/div>\n        <\/div>\n      <\/div>\n    <\/div>\n  <\/div>\n<\/div>","protected":false},"excerpt":{"rendered":"<p>EDITORIAL Tribunal de Contas do Estado da Para\u00edba, 50 anos de sucesso O Tribunal de Contas do Estado chega aos 50 anos. Criado em 17 de agosto de 1970 por decreto do ent\u00e3o governador Jo\u00e3o Agripino, instalou-se em 1\u00ba de mar\u00e7o de 1971. Completa, ent\u00e3o, meio s\u00e9culo de avan\u00e7os e conquistas que o inscrevem na [&hellip;]<\/p>\n","protected":false},"author":1,"featured_media":0,"parent":0,"menu_order":0,"comment_status":"closed","ping_status":"closed","template":"page-templates\/full-width-page.php","meta":{"footnotes":""},"class_list":["post-634","page","type-page","status-publish","hentry"],"_links":{"self":[{"href":"https:\/\/tce.pb.gov.br\/site-50-anos\/wp-json\/wp\/v2\/pages\/634","targetHints":{"allow":["GET"]}}],"collection":[{"href":"https:\/\/tce.pb.gov.br\/site-50-anos\/wp-json\/wp\/v2\/pages"}],"about":[{"href":"https:\/\/tce.pb.gov.br\/site-50-anos\/wp-json\/wp\/v2\/types\/page"}],"author":[{"embeddable":true,"href":"https:\/\/tce.pb.gov.br\/site-50-anos\/wp-json\/wp\/v2\/users\/1"}],"replies":[{"embeddable":true,"href":"https:\/\/tce.pb.gov.br\/site-50-anos\/wp-json\/wp\/v2\/comments?post=634"}],"version-history":[{"count":7,"href":"https:\/\/tce.pb.gov.br\/site-50-anos\/wp-json\/wp\/v2\/pages\/634\/revisions"}],"predecessor-version":[{"id":3322,"href":"https:\/\/tce.pb.gov.br\/site-50-anos\/wp-json\/wp\/v2\/pages\/634\/revisions\/3322"}],"wp:attachment":[{"href":"https:\/\/tce.pb.gov.br\/site-50-anos\/wp-json\/wp\/v2\/media?parent=634"}],"curies":[{"name":"wp","href":"https:\/\/api.w.org\/{rel}","templated":true}]}}