{"id":429,"date":"2021-02-27T12:15:00","date_gmt":"2021-02-27T15:15:00","guid":{"rendered":"http:\/\/tce.pb.gov.br\/site-50-anos\/?page_id=429"},"modified":"2021-11-23T12:47:05","modified_gmt":"2021-11-23T15:47:05","slug":"evaldo-cavalcanti-da-cruz","status":"publish","type":"page","link":"https:\/\/tce.pb.gov.br\/site-50-anos\/galeria-dos-conselheiros\/evaldo-cavalcanti-da-cruz\/","title":{"rendered":"Evaldo Cavalcanti da Cruz"},"content":{"rendered":"<div data-colibri-id=\"429-c1\" class=\"style-1781 style-local-429-c1 position-relative\">\n  <!---->\n  <div data-colibri-component=\"section\" data-colibri-id=\"429-c6\" id=\"reusable-sections\" class=\"h-section h-section-global-spacing d-flex align-items-lg-center align-items-md-center align-items-center style-1786 style-local-429-c6 position-relative\">\n    <!---->\n    <!---->\n    <div class=\"h-section-grid-container h-section-boxed-container\">\n      <!---->\n      <div data-colibri-id=\"429-c7\" class=\"h-row-container gutters-row-lg-2 gutters-row-md-2 gutters-row-2 gutters-row-v-lg-2 gutters-row-v-md-2 gutters-row-v-2 style-1787 style-local-429-c7 position-relative\">\n        <!---->\n        <div class=\"h-row justify-content-lg-center justify-content-md-center justify-content-center align-items-lg-stretch align-items-md-stretch align-items-stretch gutters-col-lg-2 gutters-col-md-2 gutters-col-2 gutters-col-v-lg-2 gutters-col-v-md-2 gutters-col-v-2\">\n          <!---->\n          <div class=\"h-column h-column-container d-flex h-col-lg-auto h-col-md-auto h-col-auto style-1788-outer style-local-429-c8-outer\">\n            <div data-colibri-id=\"429-c8\" class=\"d-flex h-flex-basis h-column__inner h-px-lg-2 h-px-md-2 h-px-2 v-inner-lg-2 v-inner-md-2 v-inner-2 style-1788 style-local-429-c8 position-relative\">\n              <!---->\n              <!---->\n              <div class=\"w-100 h-y-container h-column__content h-column__v-align flex-basis-100 align-self-lg-center align-self-md-center align-self-center\">\n                <!---->\n                <div data-colibri-id=\"429-c9\" class=\"h-global-transition-all h-heading style-1789 style-local-429-c9 position-relative h-element\">\n                  <!---->\n                  <div class=\"h-heading__outer style-1789 style-local-429-c9\">\n                    <!---->\n                    <!---->\n                    <h5 class=\"\">EVALDO CAVALCANTE DA CRUZ<\/h5>\n                  <\/div>\n                <\/div>\n                <div data-colibri-id=\"429-c10\" class=\"h-lead h-text h-text-component style-1790 style-local-429-c10 position-relative h-element\">\n                  <!---->\n                  <!---->\n                  <div class=\"\">\n                    <p>Nascimento: 21\/08\/1931, Campina Grande- PB.\n                      <br>Falecimento: 28\/06\/1985 em exerc\u00edcio.<\/p>\n                    <p>Forma\u00e7\u00e3o acad\u00eamica: Bacharel em Direito pela Faculdade de Ci\u00eancias Jur\u00eddicas e Sociais da UFPE, 1955.<\/p>\n                    <p>Ingresso no TCE: Nomeado para o cargo de Conselheiro pelo Governador Tarc\u00edsio de Miranda Burity. Ato Governamental publicado no DOE de 29\/03\/1979, de acordo com indica\u00e7\u00e3o aprovada pela Resolu\u00e7\u00e3o 354 de 28\/03\/79, da Assembleia Legislativa.\n                      Posse 05\/04\/79.<\/p>\n                    <p>Atua\u00e7\u00e3o no TCE-PB:<\/p>\n                    <p>Vice-Presidente (1983-1984).<\/p>\n                  <\/div>\n                <\/div>\n              <\/div>\n            <\/div>\n          <\/div>\n          <div class=\"h-column h-column-container d-flex h-col-lg-auto h-col-md-auto h-col-auto style-1791-outer style-local-429-c11-outer\">\n            <div data-colibri-id=\"429-c11\" class=\"d-flex h-flex-basis h-column__inner h-px-lg-2 h-px-md-2 h-px-2 v-inner-lg-2 v-inner-md-2 v-inner-2 style-1791 style-local-429-c11 position-relative\">\n              <!---->\n              <!---->\n              <div class=\"w-100 h-y-container h-column__content h-column__v-align flex-basis-100 align-self-lg-center align-self-md-center align-self-center\">\n                <!---->\n                <div data-colibri-id=\"429-c12\" class=\"d-block style-1792 style-local-429-c12 position-relative h-element\">\n                  <!---->\n                  <div class=\"h-image__frame-container-outer\">\n                    <div class=\"h-image__frame-container\">\n                      <!---->\n                      <!---->\n                      <img loading=\"lazy\" decoding=\"async\" width=\"217\" height=\"277\" src=\"http:\/\/tce.pb.gov.br\/site-50-anos\/wp-content\/uploads\/2021\/02\/ecavalcanti.jpg\" class=\"wp-image-470 style-1792-image style-local-429-c12-image\" alt=\"\" \/>\n                      <div class=\"h-image__frame h-hide-sm style-1792-frameImage style-local-429-c12-frameImage\"><\/div>\n                    <\/div>\n                  <\/div>\n                <\/div>\n              <\/div>\n            <\/div>\n          <\/div>\n        <\/div>\n      <\/div>\n    <\/div>\n  <\/div>\n<\/div>","protected":false},"excerpt":{"rendered":"<p>EVALDO CAVALCANTE DA CRUZ Nascimento: 21\/08\/1931, Campina Grande- PB. Falecimento: 28\/06\/1985 em exerc\u00edcio. Forma\u00e7\u00e3o acad\u00eamica: Bacharel em Direito pela Faculdade de Ci\u00eancias Jur\u00eddicas e Sociais da UFPE, 1955. Ingresso no TCE: Nomeado para o cargo de Conselheiro pelo Governador Tarc\u00edsio de Miranda Burity. Ato Governamental publicado no DOE de 29\/03\/1979, de acordo com indica\u00e7\u00e3o aprovada [&hellip;]<\/p>\n","protected":false},"author":1,"featured_media":0,"parent":400,"menu_order":6,"comment_status":"closed","ping_status":"closed","template":"page-templates\/full-width-page.php","meta":{"footnotes":""},"class_list":["post-429","page","type-page","status-publish","hentry"],"_links":{"self":[{"href":"https:\/\/tce.pb.gov.br\/site-50-anos\/wp-json\/wp\/v2\/pages\/429","targetHints":{"allow":["GET"]}}],"collection":[{"href":"https:\/\/tce.pb.gov.br\/site-50-anos\/wp-json\/wp\/v2\/pages"}],"about":[{"href":"https:\/\/tce.pb.gov.br\/site-50-anos\/wp-json\/wp\/v2\/types\/page"}],"author":[{"embeddable":true,"href":"https:\/\/tce.pb.gov.br\/site-50-anos\/wp-json\/wp\/v2\/users\/1"}],"replies":[{"embeddable":true,"href":"https:\/\/tce.pb.gov.br\/site-50-anos\/wp-json\/wp\/v2\/comments?post=429"}],"version-history":[{"count":4,"href":"https:\/\/tce.pb.gov.br\/site-50-anos\/wp-json\/wp\/v2\/pages\/429\/revisions"}],"predecessor-version":[{"id":3216,"href":"https:\/\/tce.pb.gov.br\/site-50-anos\/wp-json\/wp\/v2\/pages\/429\/revisions\/3216"}],"up":[{"embeddable":true,"href":"https:\/\/tce.pb.gov.br\/site-50-anos\/wp-json\/wp\/v2\/pages\/400"}],"wp:attachment":[{"href":"https:\/\/tce.pb.gov.br\/site-50-anos\/wp-json\/wp\/v2\/media?parent=429"}],"curies":[{"name":"wp","href":"https:\/\/api.w.org\/{rel}","templated":true}]}}