{"id":422,"date":"2021-02-27T12:03:00","date_gmt":"2021-02-27T15:03:00","guid":{"rendered":"http:\/\/tce.pb.gov.br\/site-50-anos\/?page_id=422"},"modified":"2021-11-23T12:20:06","modified_gmt":"2021-11-23T15:20:06","slug":"antonio-pinheiro-dantas","status":"publish","type":"page","link":"https:\/\/tce.pb.gov.br\/site-50-anos\/galeria-dos-conselheiros\/antonio-pinheiro-dantas\/","title":{"rendered":"Ant\u00f4nio Pinheiro Dantas"},"content":{"rendered":"<div data-colibri-id=\"422-c1\" class=\"style-1733 style-local-422-c1 position-relative\">\n  <!---->\n  <div data-colibri-component=\"section\" data-colibri-id=\"422-c2\" id=\"reusable-sections\" class=\"h-section h-section-global-spacing d-flex align-items-lg-center align-items-md-center align-items-center style-1738 style-local-422-c2 position-relative\">\n    <!---->\n    <!---->\n    <div class=\"h-section-grid-container h-section-boxed-container\">\n      <!---->\n      <div data-colibri-id=\"422-c3\" class=\"h-row-container gutters-row-lg-2 gutters-row-md-2 gutters-row-2 gutters-row-v-lg-2 gutters-row-v-md-2 gutters-row-v-2 style-1739 style-local-422-c3 position-relative\">\n        <!---->\n        <div class=\"h-row justify-content-lg-center justify-content-md-center justify-content-center align-items-lg-stretch align-items-md-stretch align-items-stretch gutters-col-lg-2 gutters-col-md-2 gutters-col-2 gutters-col-v-lg-2 gutters-col-v-md-2 gutters-col-v-2\">\n          <!---->\n          <div class=\"h-column h-column-container d-flex h-col-lg-auto h-col-md-auto h-col-auto style-1740-outer style-local-422-c4-outer\">\n            <div data-colibri-id=\"422-c4\" class=\"d-flex h-flex-basis h-column__inner h-px-lg-2 h-px-md-2 h-px-2 v-inner-lg-2 v-inner-md-2 v-inner-2 style-1740 style-local-422-c4 position-relative\">\n              <!---->\n              <!---->\n              <div class=\"w-100 h-y-container h-column__content h-column__v-align flex-basis-100 align-self-lg-center align-self-md-center align-self-center\">\n                <!---->\n                <div data-colibri-id=\"422-c5\" class=\"h-global-transition-all h-heading style-1741 style-local-422-c5 position-relative h-element\">\n                  <!---->\n                  <div class=\"h-heading__outer style-1741 style-local-422-c5\">\n                    <!---->\n                    <!---->\n                    <h5 class=\"\">ANT\u00d4NIO PINHEIRO DANTAS.<\/h5>\n                  <\/div>\n                <\/div>\n                <div data-colibri-id=\"422-c6\" class=\"h-lead h-text h-text-component style-1742 style-local-422-c6 position-relative h-element\">\n                  <!---->\n                  <!---->\n                  <div class=\"\">\n                    <p>Nascimento: 17\/10\/1925, Catol\u00e9 do Rocha- PB.\n                      <br>Falecimento: 11\/08\/2015.<\/p>\n                    <p>Forma\u00e7\u00e3o acad\u00eamica:Bacharel em Ci\u00eancias Jur\u00eddicas e Sociais, 1952, Faculdade de Direito de Alagoas.\n                      <br>\n                      <br>Ingresso no TCE: Nomeado para o cargo de Conselheiro pelo Governador Tarc\u00edsio de Miranda Burity. Ato Governamental 2315\/88. DOE 22\/06\/88, indica\u00e7\u00e3o aprovada pelo Decreto Legislativo 02\/88, de 09\/06\/88. Posse 04\/07\/88.&nbsp;Aposentadoria:\n                      Ato Governamental 2085\/95. DOE 18\/10\/95.<\/p>\n                    <p>Atua\u00e7\u00e3o no TCE-PB:<\/p>\n                    <p>Vice-Presidente (1995-1996).<\/p>\n                  <\/div>\n                <\/div>\n              <\/div>\n            <\/div>\n          <\/div>\n          <div class=\"h-column h-column-container d-flex h-col-lg-auto h-col-md-auto h-col-auto style-1743-outer style-local-422-c7-outer\">\n            <div data-colibri-id=\"422-c7\" class=\"d-flex h-flex-basis h-column__inner h-px-lg-2 h-px-md-2 h-px-2 v-inner-lg-2 v-inner-md-2 v-inner-2 style-1743 style-local-422-c7 position-relative\">\n              <!---->\n              <!---->\n              <div class=\"w-100 h-y-container h-column__content h-column__v-align flex-basis-100 align-self-lg-center align-self-md-center align-self-center\">\n                <!---->\n                <div data-colibri-id=\"422-c8\" class=\"d-block style-1744 style-local-422-c8 position-relative h-element\">\n                  <!---->\n                  <div class=\"h-image__frame-container-outer\">\n                    <div class=\"h-image__frame-container\">\n                      <!---->\n                      <!---->\n                      <img loading=\"lazy\" decoding=\"async\" width=\"392\" height=\"392\" src=\"http:\/\/tce.pb.gov.br\/site-50-anos\/wp-content\/uploads\/2021\/02\/cropped-apinheiro-1.jpg\" class=\"wp-image-3147 style-1744-image style-local-422-c8-image\" alt=\"\" srcset=\"https:\/\/tce.pb.gov.br\/site-50-anos\/wp-content\/uploads\/2021\/02\/cropped-apinheiro-1.jpg 392w, https:\/\/tce.pb.gov.br\/site-50-anos\/wp-content\/uploads\/2021\/02\/cropped-apinheiro-1-300x300.jpg 300w, https:\/\/tce.pb.gov.br\/site-50-anos\/wp-content\/uploads\/2021\/02\/cropped-apinheiro-1-150x150.jpg 150w\" sizes=\"auto, (max-width: 392px) 100vw, 392px\" \/>\n                      <div class=\"h-image__frame h-hide-sm style-1744-frameImage style-local-422-c8-frameImage\"><\/div>\n                    <\/div>\n                  <\/div>\n                <\/div>\n              <\/div>\n            <\/div>\n          <\/div>\n        <\/div>\n      <\/div>\n    <\/div>\n  <\/div>\n<\/div>","protected":false},"excerpt":{"rendered":"<p>ANT\u00d4NIO PINHEIRO DANTAS. Nascimento: 17\/10\/1925, Catol\u00e9 do Rocha- PB. Falecimento: 11\/08\/2015. Forma\u00e7\u00e3o acad\u00eamica:Bacharel em Ci\u00eancias Jur\u00eddicas e Sociais, 1952, Faculdade de Direito de Alagoas. Ingresso no TCE: Nomeado para o cargo de Conselheiro pelo Governador Tarc\u00edsio de Miranda Burity. Ato Governamental 2315\/88. DOE 22\/06\/88, indica\u00e7\u00e3o aprovada pelo Decreto Legislativo 02\/88, de 09\/06\/88. Posse 04\/07\/88.&nbsp;Aposentadoria: Ato [&hellip;]<\/p>\n","protected":false},"author":1,"featured_media":0,"parent":400,"menu_order":3,"comment_status":"closed","ping_status":"closed","template":"page-templates\/full-width-page.php","meta":{"footnotes":""},"class_list":["post-422","page","type-page","status-publish","hentry"],"_links":{"self":[{"href":"https:\/\/tce.pb.gov.br\/site-50-anos\/wp-json\/wp\/v2\/pages\/422","targetHints":{"allow":["GET"]}}],"collection":[{"href":"https:\/\/tce.pb.gov.br\/site-50-anos\/wp-json\/wp\/v2\/pages"}],"about":[{"href":"https:\/\/tce.pb.gov.br\/site-50-anos\/wp-json\/wp\/v2\/types\/page"}],"author":[{"embeddable":true,"href":"https:\/\/tce.pb.gov.br\/site-50-anos\/wp-json\/wp\/v2\/users\/1"}],"replies":[{"embeddable":true,"href":"https:\/\/tce.pb.gov.br\/site-50-anos\/wp-json\/wp\/v2\/comments?post=422"}],"version-history":[{"count":6,"href":"https:\/\/tce.pb.gov.br\/site-50-anos\/wp-json\/wp\/v2\/pages\/422\/revisions"}],"predecessor-version":[{"id":3150,"href":"https:\/\/tce.pb.gov.br\/site-50-anos\/wp-json\/wp\/v2\/pages\/422\/revisions\/3150"}],"up":[{"embeddable":true,"href":"https:\/\/tce.pb.gov.br\/site-50-anos\/wp-json\/wp\/v2\/pages\/400"}],"wp:attachment":[{"href":"https:\/\/tce.pb.gov.br\/site-50-anos\/wp-json\/wp\/v2\/media?parent=422"}],"curies":[{"name":"wp","href":"https:\/\/api.w.org\/{rel}","templated":true}]}}