{"id":245,"date":"2021-02-28T10:00:00","date_gmt":"2021-02-28T13:00:00","guid":{"rendered":"http:\/\/tce.pb.gov.br\/site-50-anos\/?page_id=245"},"modified":"2021-11-18T09:50:34","modified_gmt":"2021-11-18T12:50:34","slug":"andre-carlo-torres-pontes","status":"publish","type":"page","link":"https:\/\/tce.pb.gov.br\/site-50-anos\/galeria-de-presidentes\/andre-carlo-torres-pontes\/","title":{"rendered":"Andr\u00e9 Carlo Torres Pontes"},"content":{"rendered":"<div data-colibri-id=\"245-c1\" class=\"style-1151 style-local-245-c1 position-relative\">\n  <!---->\n  <div data-colibri-component=\"section\" data-colibri-id=\"245-c2\" id=\"about\" class=\"h-section h-section-global-spacing d-flex align-items-lg-center align-items-md-center align-items-center style-1156 style-local-245-c2 position-relative\">\n    <!---->\n    <!---->\n    <div class=\"h-section-grid-container h-section-boxed-container\">\n      <!---->\n      <div data-colibri-id=\"245-c3\" class=\"h-row-container gutters-row-lg-2 gutters-row-md-2 gutters-row-2 gutters-row-v-lg-2 gutters-row-v-md-2 gutters-row-v-2 style-1157 style-local-245-c3 position-relative\">\n        <!---->\n        <div class=\"h-row justify-content-lg-center justify-content-md-center justify-content-center align-items-lg-stretch align-items-md-stretch align-items-stretch gutters-col-lg-2 gutters-col-md-2 gutters-col-2 gutters-col-v-lg-2 gutters-col-v-md-2 gutters-col-v-2\">\n          <!---->\n          <div class=\"h-column h-column-container d-flex h-col-lg-auto h-col-md-auto h-col-auto style-1158-outer style-local-245-c4-outer\">\n            <div data-colibri-id=\"245-c4\" class=\"d-flex h-flex-basis h-column__inner h-px-lg-2 h-px-md-2 h-px-2 v-inner-lg-2 v-inner-md-2 v-inner-2 style-1158 style-local-245-c4 position-relative\">\n              <!---->\n              <!---->\n              <div class=\"w-100 h-y-container h-column__content h-column__v-align flex-basis-100 align-self-lg-center align-self-md-center align-self-center\">\n                <!---->\n                <div data-colibri-id=\"245-c5\" class=\"h-global-transition-all h-heading style-1159 style-local-245-c5 position-relative h-element\">\n                  <!---->\n                  <div class=\"h-heading__outer style-1159 style-local-245-c5\">\n                    <!---->\n                    <!---->\n                    <h5 class=\"\">ANDR\u00c9 CARLO TORRES PONTES.<\/h5>\n                  <\/div>\n                <\/div>\n                <div data-colibri-id=\"245-c6\" class=\"h-text h-text-component style-1161 style-local-245-c6 position-relative h-element\">\n                  <!---->\n                  <!---->\n                  <div class=\"\">\n                    <p><strong>Nascimento<\/strong>: 30\/04\/68, Recife \u2013 PE.<\/p>\n                    <p><strong>Forma\u00e7\u00e3o acad\u00eamica<\/strong>:<\/p>\n                    <p>Bacharel em Direito, 1994 (UNIPE).<\/p>\n                    <p><strong>Ingresso no TCE<\/strong>:<\/p>\n                    <p>Nomeado para o cargo de Procurador, Ato Governamental 757\/97, DOE de 22\/05\/97.\n                      <br>Exonerado a pedido, Portaria TC n\u00ba 032\/12, Processo TC 1619\/12, com efeito a partir de 05\/03\/2012.\n                      <br>Nomeado para o cargo de Conselheiro pelo Governador Ricardo Vieira Coutinho, Ato n\u00ba 523, de 13\/02\/2012. DOE 14\/02\/12.\n                      <br>Posse 05\/03\/2012.<\/p>\n                    <p><strong>Atua\u00e7\u00e3o no TCE-PB<\/strong>:<\/p>\n                    <p>Presidente (2017-2018).<\/p>\n                    <p>Vice-Presidente (04\/03\/2015\u201302\/02\/2017).<\/p>\n                    <p>Presidente da 2\u00aa C\u00e2mara (2021-2022).<\/p>\n                    <p>Ouvidor (2013-2014).<\/p>\n                    <p>Corregedor (2019-2020).<\/p>\n                    <p>Coordenador da Ecosil (2015-2016).<\/p>\n                    <p>Substituiu<strong>&nbsp;<\/strong>\n                      <a href=\"https:\/\/tce.pb.gov.br\/site-50-anos\/flavio-satiro-fernandes\" style=\"font-family: &quot;Open Sans&quot;; font-weight: 400; font-size: 1em; color: rgb(3, 169, 244);\"><strong>Fl\u00e1vio S\u00e1tiro Fernandes<\/strong>.<\/a>\n                    <\/p>\n                  <\/div>\n                <\/div>\n              <\/div>\n            <\/div>\n          <\/div>\n          <div class=\"h-column h-column-container d-flex h-col-lg-auto h-col-md-auto h-col-auto style-1164-outer style-local-245-c7-outer\">\n            <div data-colibri-id=\"245-c7\" class=\"d-flex h-flex-basis h-column__inner h-px-lg-2 h-px-md-2 h-px-2 v-inner-lg-2 v-inner-md-2 v-inner-2 style-1164 style-local-245-c7 position-relative\">\n              <!---->\n              <!---->\n              <div class=\"w-100 h-y-container h-column__content h-column__v-align flex-basis-100 align-self-lg-center align-self-md-center align-self-center\">\n                <!---->\n                <div data-colibri-id=\"245-c8\" class=\"d-block style-1165 style-local-245-c8 position-relative h-element\">\n                  <!---->\n                  <div class=\"h-image__frame-container-outer\">\n                    <div class=\"h-image__frame-container\">\n                      <!---->\n                      <!---->\n                      <img loading=\"lazy\" decoding=\"async\" width=\"729\" height=\"908\" src=\"http:\/\/tce.pb.gov.br\/site-50-anos\/wp-content\/uploads\/2021\/02\/acarlos.jpg\" class=\"wp-image-337 style-1165-image style-local-245-c8-image\" alt=\"\" srcset=\"https:\/\/tce.pb.gov.br\/site-50-anos\/wp-content\/uploads\/2021\/02\/acarlos.jpg 729w, https:\/\/tce.pb.gov.br\/site-50-anos\/wp-content\/uploads\/2021\/02\/acarlos-241x300.jpg 241w\" sizes=\"auto, (max-width: 729px) 100vw, 729px\" \/>\n                      <div class=\"h-image__frame h-hide-sm style-1165-frameImage style-local-245-c8-frameImage\"><\/div>\n                    <\/div>\n                  <\/div>\n                <\/div>\n              <\/div>\n            <\/div>\n          <\/div>\n        <\/div>\n      <\/div>\n    <\/div>\n  <\/div>\n  <div data-colibri-component=\"section\" data-colibri-id=\"245-c9\" id=\"custom\" class=\"h-section h-section-global-spacing d-flex align-items-lg-center align-items-md-center align-items-center style-1504 style-local-245-c9 position-relative\">\n    <!---->\n    <!---->\n    <div class=\"h-section-grid-container h-section-boxed-container\">\n      <!---->\n      <div data-colibri-id=\"245-c12\" class=\"h-row-container gutters-row-lg-2 gutters-row-md-2 gutters-row-0 gutters-row-v-lg-2 gutters-row-v-md-2 gutters-row-v-2 style-1507 style-local-245-c12 position-relative\">\n        <!---->\n        <div class=\"h-row justify-content-lg-center justify-content-md-center justify-content-center align-items-lg-stretch align-items-md-stretch align-items-stretch gutters-col-lg-2 gutters-col-md-2 gutters-col-0 gutters-col-v-lg-2 gutters-col-v-md-2 gutters-col-v-2\">\n          <!---->\n          <div class=\"h-column h-column-container d-flex h-col-lg-auto h-col-md-auto h-col-auto style-1508-outer style-local-245-c13-outer\">\n            <div data-colibri-id=\"245-c13\" class=\"d-flex h-flex-basis h-column__inner h-px-lg-2 h-px-md-2 h-px-2 v-inner-lg-2 v-inner-md-2 v-inner-2 style-1508 style-local-245-c13 position-relative\">\n              <!---->\n              <!---->\n              <div class=\"w-100 h-y-container h-column__content h-column__v-align flex-basis-100 align-self-lg-start align-self-md-start align-self-start\">\n                <!---->\n                <div data-colibri-id=\"245-c14\" class=\"h-x-container style-1509 style-local-245-c14 position-relative h-element\">\n                  <!---->\n                  <div class=\"h-x-container-inner style-dynamic-245-c14-group style-1509-spacing style-local-245-c14-spacing\"><span class=\"h-button__outer style-1510-outer style-local-245-c15-outer d-inline-flex h-element\"><a h-use-smooth-scroll=\"true\" href=\"\/site-50-anos\/galeria-de-presidentes\/\"  data-colibri-id=\"245-c15\" class=\"d-flex w-100 align-items-center h-button justify-content-lg-center justify-content-md-center justify-content-center style-1510 style-local-245-c15 position-relative\"><!----><!----> <span>Voltar<\/span><\/a>\n                    <\/span>\n                  <\/div>\n                <\/div>\n              <\/div>\n            <\/div>\n          <\/div>\n        <\/div>\n      <\/div>\n    <\/div>\n  <\/div>\n<\/div>","protected":false},"excerpt":{"rendered":"<p>ANDR\u00c9 CARLO TORRES PONTES. Nascimento: 30\/04\/68, Recife \u2013 PE. Forma\u00e7\u00e3o acad\u00eamica: Bacharel em Direito, 1994 (UNIPE). Ingresso no TCE: Nomeado para o cargo de Procurador, Ato Governamental 757\/97, DOE de 22\/05\/97. Exonerado a pedido, Portaria TC n\u00ba 032\/12, Processo TC 1619\/12, com efeito a partir de 05\/03\/2012. Nomeado para o cargo de Conselheiro pelo Governador [&hellip;]<\/p>\n","protected":false},"author":1,"featured_media":0,"parent":162,"menu_order":1,"comment_status":"closed","ping_status":"closed","template":"page-templates\/full-width-page.php","meta":{"footnotes":""},"class_list":["post-245","page","type-page","status-publish","hentry"],"_links":{"self":[{"href":"https:\/\/tce.pb.gov.br\/site-50-anos\/wp-json\/wp\/v2\/pages\/245","targetHints":{"allow":["GET"]}}],"collection":[{"href":"https:\/\/tce.pb.gov.br\/site-50-anos\/wp-json\/wp\/v2\/pages"}],"about":[{"href":"https:\/\/tce.pb.gov.br\/site-50-anos\/wp-json\/wp\/v2\/types\/page"}],"author":[{"embeddable":true,"href":"https:\/\/tce.pb.gov.br\/site-50-anos\/wp-json\/wp\/v2\/users\/1"}],"replies":[{"embeddable":true,"href":"https:\/\/tce.pb.gov.br\/site-50-anos\/wp-json\/wp\/v2\/comments?post=245"}],"version-history":[{"count":9,"href":"https:\/\/tce.pb.gov.br\/site-50-anos\/wp-json\/wp\/v2\/pages\/245\/revisions"}],"predecessor-version":[{"id":2659,"href":"https:\/\/tce.pb.gov.br\/site-50-anos\/wp-json\/wp\/v2\/pages\/245\/revisions\/2659"}],"up":[{"embeddable":true,"href":"https:\/\/tce.pb.gov.br\/site-50-anos\/wp-json\/wp\/v2\/pages\/162"}],"wp:attachment":[{"href":"https:\/\/tce.pb.gov.br\/site-50-anos\/wp-json\/wp\/v2\/media?parent=245"}],"curies":[{"name":"wp","href":"https:\/\/api.w.org\/{rel}","templated":true}]}}